uppose 0*o + 2*o = -l + 2, l = 3*o + 2. Suppose 25 = l*g + 3*g. Calculate the highest common divisor of g and 45.
5
Let o be (2/(-2) - -4)*1. Suppose -q + o = -2*p - 5, 0 = 3*p - 6. Let h(b) = 44*b - 4. Let z be h(2). Calculate the highest common divisor of z and q.
12
Suppose 3*x = -5*s + 37, 5*x + 4*s + 1 = 41. Let g = 134 - 42. Suppose 64 = x*l + 4*u, -l = 3*l - 3*u - g. Calculate the greatest common factor of 40 and l.
20
Let l be -5 - (-9 + 4 - 3). Calculate the highest common divisor of l and 24.
3
Let b = 151 - 76. Let n = b + -12. Calculate the greatest common factor of 9 and n.
9
Let t(r) = r**2 + 3*r - 2. Let g be t(-7). Suppose 5*h - h - g = -2*p, -3*p + 24 = 3*h. Let v = -74 + 104. What is the greatest common factor of v and p?
3
Let f = 7 - 5. Suppose 4*r - h = 27, 5*r - 2*h - 11 = 22. Suppose -f*x + r*x = 60. Calculate the highest common divisor of 8 and x.
4
Let l(a) = -11*a + 1. Let p be l(-1). Calculate the highest common factor of 18 and p.
6
Let r be 14/35 + 68/5. Calculate the highest common divisor of r and 14.
14
Suppose -6*c = 3*p - c - 56, 3*p = c + 86. Let r = -60 + 90. Let l be 9*4/r*15. What is the greatest common divisor of l and p?
9
Let s be (-20)/(-90) + 277/9. What is the greatest common factor of 62 and s?
31
Let g = -15 - -28. What is the highest common divisor of 104 and g?
13
Let s(t) = t**3 - 11*t**2 + 12*t - 14. Let f be s(10). Calculate the highest common factor of f and 3.
3
Let i(b) = -b**2 + 5*b - 2. Let y be i(4). Suppose -8*h = g - 3*h - 32, -5*h = -y*g + 94. Calculate the greatest common factor of 6 and g.
6
Suppose 3*b = -3*t + 261, 2*t + 4*b + 180 = 4*t. Calculate the greatest common factor of t and 8.
8
Let p(n) = -n**3 - 10*n**2 - 9*n + 2. Let h be p(-9). Let k be (h - -1) + (53 - 1). What is the highest common divisor of k and 11?
11
Let b = -9 - -12. What is the highest common factor of b and 12?
3
Suppose -q + 180 = -0*q. Let f = -103 + q. Calculate the highest common divisor of 11 and f.
11
Let l be ((-2)/3)/(4/66). Let y(w) = -w**3 - 10*w**2 + 9*w - 14. Let b be y(l). Let q be (12/(-15))/(1/(-5)). What is the highest common divisor of b and q?
4
Let j(l) = -l**2 + l + 2. Let d be j(3). Let r = 124 + d. Calculate the greatest common factor of r and 15.
15
Let v(y) = -y**3 - 5*y**2 + 6*y + 10. Let a be v(-6). Suppose 3*p = 2*x - 4*x + a, -p - x + 3 = 0. Calculate the highest common divisor of p and 20.
4
Let j(s) = s**3 - 7*s**2 + 8*s - 6. Let r be j(6). Let v = -60 - -105. Let y be -5*6*(-6)/v. Calculate the highest common factor of y and r.
2
Suppose 0 = -2*a + b, -4*a + 4*b + 2 - 6 = 0. Let r be a/((4/(-6))/(-2)). What is the greatest common factor of 6 and r?
3
Suppose 10*w - 3*w = 203. What is the highest common factor of 116 and w?
29
Suppose -3*n + 19 = 1. What is the greatest common divisor of 12 and n?
6
Suppose -41 - 91 = -4*j. Let q = 8 - 5. What is the greatest common factor of j and q?
3
Suppose 3*u - 3 = 0, 2*u = -3*h - u - 3. Let s be 15/(h + 0 + 3). Calculate the greatest common divisor of s and 90.
15
Let o = 37 - 7. Let r be o/4 - 1/(-2). Let k = -16 - -48. Calculate the greatest common factor of k and r.
8
Let x(w) = 13*w - 3. Let m be (3 + (-7)/2)*-2. Let b be x(m). What is the greatest common divisor of b and 1?
1
Let f = 101 + -73. Calculate the greatest common factor of f and 112.
28
Let g = 44 - 78. Let q be g*((-3)/1)/6. Calculate the greatest common divisor of q and 51.
17
Let d(n) = -11 + 13 - 4*n**2 + 4*n + 5*n**2. Let y be d(-6). Calculate the greatest common divisor of y and 21.
7
Suppose 38 + 82 = 5*x. Suppose 0 = 7*k - 8*k - 4. Let q(v) = -54*v. Let o be q(k). Calculate the highest common divisor of x and o.
24
Let r be -1 - 67/(-4 + 3). What is the greatest common divisor of r and 6?
6
Let x = -4 + 7. Suppose 11 = -2*n + x*n. Suppose -1 + n = k. Calculate the greatest common divisor of 15 and k.
5
Let k be 4/(-12)*12/(-1). Suppose 1 = k*t - 15. Calculate the highest common factor of 32 and t.
4
Let d(n) = -n - 1. Let u be d(-1). Suppose -o + 11 + 2 = u. Calculate the greatest common factor of 13 and o.
13
Let y = 162 + -80. Let w be (y - -4)/(-1 + 3). Suppose 7*p + 5*m - w = 3*p, p - 5*m = -8. What is the highest common divisor of p and 14?
7
Suppose -p = -4*p. Suppose 5*o = -4*g + o + 680, 2*g + 4*o - 338 = p. What is the highest common factor of g and 19?
19
Let c(o) = o + 4. Let u be c(0). Let t(k) = k**3 - 3*k - 8*k**2 + u - 3*k**3 + 2*k. Let r be t(-6). Calculate the greatest common factor of 14 and r.
14
Suppose -2*b - 491 = -6*b + 3*c, 20 = -4*c. Calculate the greatest common divisor of b and 17.
17
Suppose -4*h + 5 + 15 = 0. Suppose 10*v - h*v - 25 = 0. Let a be (64/(-4))/(-2)*5. Calculate the greatest common divisor of a and v.
5
Suppose -3*a - 90 = 2*a. Let v be 1/(-4) + a/(-8). Suppose 6 = v*m + m. What is the greatest common divisor of 8 and m?
2
Let y = 23 - 12. Let n = y - -25. Suppose 0 = -3*t + 8*t - 450. What is the greatest common divisor of t and n?
18
Let y(n) = -4 - 1 - 4*n + 0. Let t be y(-4). What is the greatest common factor of t and 88?
11
Let f be (2 - (22 - 1))*-1. What is the highest common factor of 19 and f?
19
Let p = -628 - -1038. Calculate the greatest common divisor of p and 41.
41
Suppose -4*k = 5*c - 170 - 168, 4*c + 3*k - 271 = 0. Let l = 133 + -119. What is the highest common factor of c and l?
14
Suppose -32 = -5*o - 3*d + 46, -2*d + 64 = 4*o. What is the highest common factor of 72 and o?
18
Let y(h) = 12*h**2 - 5*h - 1. Let t = 11 - 7. Let g be y(t). Let c(s) = -4*s - 1. Let w be c(-5). What is the greatest common factor of g and w?
19
Suppose 2*k - 5*i + 122 = 4*k, 212 = 4*k + 2*i. Calculate the greatest common factor of k and 459.
51
Let b = -360 - -365. Suppose -4*l + 0*v + 4*v + 20 = 0, 5*l + 5*v - 75 = 0. What is the greatest common divisor of l and b?
5
Suppose 3 = 5*a - 12. Let r be 2/(-3) - 33/(-9). Suppose 2*d = 2*p - 60, p + r*p + d = 135. What is the highest common divisor of p and a?
3
Let i be 9/12*-5*-52. Calculate the greatest common factor of i and 78.
39
Suppose 5*u + 5*j = 10, -u + 2 = -2*j - 0. Let r = u + -1. Let b be (12/(-20))/(r/(-5)). Calculate the highest common factor of b and 2.
1
Let g be 40/140 - 96/(-7). Calculate the greatest common divisor of 154 and g.
14
Let g be -38*6*2/(-8) - 1. Calculate the greatest common factor of g and 8.
8
Let s be (-2 - (-2 + 0)) + 1. Let n(d) = 2*d**3 + d**2 - d + 1. Let h be n(s). Let z be 12*(4/h)/2. Calculate the highest common factor of z and 16.
8
Let j(k) = 5*k**2 - 4*k + 2. Let b(d) = -3*d**2 - 2*d + 1. Let p be b(1). Let q be j(p). Calculate the highest common divisor of q and 14.
14
Let i(u) = u**2 - 5*u + 1. Let b be i(6). Suppose -l = -q + 45, q - 5*l = 57 - 0. Let x = q - b. What is the greatest common divisor of x and 5?
5
Let p be 54*(-1 - 20/(-6)). Let m(d) = -d**2 - 9*d + 3. Let z be m(-9). Suppose 0 = -z*b + b + 28. What is the highest common factor of b and p?
14
Let y be ((-318)/18)/(2/18). Let c = y - -239. Let r = 3 + 7. Calculate the highest common divisor of r and c.
10
Let f be (-2)/((-12)/(-21))*-2. Calculate the highest common factor of 56 and f.
7
Suppose -16*b - 3 = -19*b. Let l(q) = 9*q - 2. Let y be l(b). Suppose 2*a - 42 - 14 = 0. Calculate the highest common divisor of a and y.
7
Suppose 3 + 0 = 3*v. What is the highest common divisor of v and 6?
1
Suppose 11*r = 8*r + 6. Let s be (-3703)/(-14) - 1/r. What is the highest common divisor of s and 24?
24
Let t(a) = -a + 2. Let n be t(-3). What is the highest common divisor of 55 and n?
5
Let a = 42 - 12. Suppose -2*o - 5 = -3*o, -3*m = -4*o + 20. Suppose -5 = -j - m*j. What is the highest common divisor of a and j?
5
Let d = -41 - -42. Calculate the greatest common divisor of d and 4.
1
Suppose -7*o + 202 + 8 = 0. What is the greatest common factor of 15 and o?
15
Suppose 5*l - 13 = -q, -2*q + 7*q + 2*l - 134 = 0. Calculate the highest common factor of 56 and q.
28
Suppose 2*w - 3*w + 29 = 5*o, -o - 95 = -4*w. What is the highest common factor of 8 and w?
8
Suppose -3*v = -11*v + 480. What is the greatest common factor of 150 and v?
30
Let k be (-262)/(-3) - (-4)/6. Calculate the highest common divisor of k and 8.
8
Let b = -2 + -2. Let z be (88 + b)*(-4)/(-6). Calculate the 